{"id":4204,"date":"2021-08-30T15:26:14","date_gmt":"2021-08-30T13:26:14","guid":{"rendered":"https:\/\/kaleidoskopkulture.com\/?post_type=tribe_events&#038;p=4204"},"modified":"2021-09-01T12:41:12","modified_gmt":"2021-09-01T10:41:12","slug":"projekcija-filma-dei-leci","status":"publish","type":"tribe_events","link":"https:\/\/kaleidoskopkulture.com\/sr\/dogadjaj\/projekcija-filma-dei-leci\/","title":{"rendered":"Projekcija filma \u201eDei Le\u010di\u201d"},"content":{"rendered":"<p>Premijera dokumentarnog filma \u201eDei le\u010di\u201d zakazana je za 5. septembar u 19 sati na Sceni Kolosek (Dvori\u0161te iza domova, kod ko\u0161arka\u0161kog terena), u Kreativnom distriktu. Film \u0107e biti prikazan u okviru\u00a0<a href=\"https:\/\/kaleidoskopkulture.com\/sr\/filmski-festival-obnova-od-2-do-5-septembra-na-kaleidoskopu-kulture\/\" target=\"_blank\" rel=\"noopener noreferrer\">Filmskog festivala Obnova<\/a>.<!--more--><\/p>\n<p>Pre pedeset godina u Novom Sadu, tada gimnazijalci, Dragoljub Pavlov i Bora Vitorac izvodili su performanse i hepeninge, a da za takvu umetni\u010dku praksu nisu ni znali. Oni su se pona\u0161ali spontano, neposredno, uz geslo Dei le\u010di! (Ide \u010dile! &#8211; stariji \u010dovek &#8211; \u010dilager) nakon \u010dega bi sledila pantomima, zauzimanje \u201epoze&#8220;. Vitorac i Pavlov su neke od svojih performansa i umetni\u010dkih akcija zabele\u017eili na 8 mm traci koje \u0107e gledaoci mo\u0107i da vide u dokumentarnom filmu.<\/p>\n<p>Kompletan program i satnicu \u010detvorodnevnog otvaranja mo\u017eete pogledati\u00a0<a href=\"https:\/\/kaleidoskopkulture.com\/sr\/otvaranje-2021-program\/\" target=\"_blank\" rel=\"noopener noreferrer\">ovde<\/a>.<\/p>\n","protected":false},"excerpt":{"rendered":"<p>Premijera dokumentarnog filma \u201eDei le\u010di\u201d zakazana je za 5. septembar u 19 sati na Sceni Kolosek (Dvori\u0161te iza domova, kod ko\u0161arka\u0161kog terena), u Kreativnom distriktu. Film \u0107e biti prikazan u okviru\u00a0Filmskog festivala Obnova.<\/p>\n","protected":false},"author":7,"featured_media":4388,"template":"","meta":{"_tribe_events_status":"","_tribe_events_status_reason":"","footnotes":""},"tags":[],"tribe_events_cat":[387],"class_list":["post-4204","tribe_events","type-tribe_events","status-publish","has-post-thumbnail","hentry","tribe_events_cat-film","cat_film"],"yoast_head":"<!-- This site is optimized with the Yoast SEO plugin v22.4 - https:\/\/yoast.com\/wordpress\/plugins\/seo\/ -->\n<title>Projekcija filma \u201eDei Le\u010di\u201d - Kaleidoskop kulture<\/title>\n<meta name=\"robots\" content=\"index, follow, max-snippet:-1, max-image-preview:large, max-video-preview:-1\" \/>\n<link rel=\"canonical\" href=\"https:\/\/kaleidoskopkulture.com\/sr\/dogadjaj\/projekcija-filma-dei-leci\/\" \/>\n<meta property=\"og:locale\" content=\"sr_RS\" \/>\n<meta property=\"og:type\" content=\"article\" \/>\n<meta property=\"og:title\" content=\"Projekcija filma \u201eDei Le\u010di\u201d - Kaleidoskop kulture\" \/>\n<meta property=\"og:description\" content=\"Premijera dokumentarnog filma \u201eDei le\u010di\u201d zakazana je za 5. septembar u 19 sati na Sceni Kolosek (Dvori\u0161te iza domova, kod ko\u0161arka\u0161kog terena), u Kreativnom distriktu. Film \u0107e biti prikazan u okviru\u00a0Filmskog festivala Obnova.\" \/>\n<meta property=\"og:url\" content=\"https:\/\/kaleidoskopkulture.com\/sr\/dogadjaj\/projekcija-filma-dei-leci\/\" \/>\n<meta property=\"og:site_name\" content=\"Kaleidoskop kulture\" \/>\n<meta property=\"article:modified_time\" content=\"2021-09-01T10:41:12+00:00\" \/>\n<meta property=\"og:image\" content=\"https:\/\/kaleidoskopkulture.com\/wp-content\/uploads\/2021\/08\/kk2021_sn_template_otvaranje_obnova4.png\" \/>\n\t<meta property=\"og:image:width\" content=\"1080\" \/>\n\t<meta property=\"og:image:height\" content=\"1080\" \/>\n\t<meta property=\"og:image:type\" content=\"image\/png\" \/>\n<meta name=\"twitter:card\" content=\"summary_large_image\" \/>\n<meta name=\"twitter:label1\" content=\"Procenjeno vreme \u010ditanja\" \/>\n\t<meta name=\"twitter:data1\" content=\"1 minut\" \/>\n<script type=\"application\/ld+json\" class=\"yoast-schema-graph\">{\"@context\":\"https:\/\/schema.org\",\"@graph\":[{\"@type\":\"WebPage\",\"@id\":\"https:\/\/kaleidoskopkulture.com\/sr\/dogadjaj\/projekcija-filma-dei-leci\/\",\"url\":\"https:\/\/kaleidoskopkulture.com\/sr\/dogadjaj\/projekcija-filma-dei-leci\/\",\"name\":\"Projekcija filma \u201eDei Le\u010di\u201d - Kaleidoskop kulture\",\"isPartOf\":{\"@id\":\"https:\/\/kaleidoskopkulture.com\/sr\/#website\"},\"primaryImageOfPage\":{\"@id\":\"https:\/\/kaleidoskopkulture.com\/sr\/dogadjaj\/projekcija-filma-dei-leci\/#primaryimage\"},\"image\":{\"@id\":\"https:\/\/kaleidoskopkulture.com\/sr\/dogadjaj\/projekcija-filma-dei-leci\/#primaryimage\"},\"thumbnailUrl\":\"https:\/\/kaleidoskopkulture.com\/wp-content\/uploads\/2021\/08\/kk2021_sn_template_otvaranje_obnova4.png\",\"datePublished\":\"2021-08-30T13:26:14+00:00\",\"dateModified\":\"2021-09-01T10:41:12+00:00\",\"breadcrumb\":{\"@id\":\"https:\/\/kaleidoskopkulture.com\/sr\/dogadjaj\/projekcija-filma-dei-leci\/#breadcrumb\"},\"inLanguage\":\"sr-RS\",\"potentialAction\":[{\"@type\":\"ReadAction\",\"target\":[\"https:\/\/kaleidoskopkulture.com\/sr\/dogadjaj\/projekcija-filma-dei-leci\/\"]}]},{\"@type\":\"ImageObject\",\"inLanguage\":\"sr-RS\",\"@id\":\"https:\/\/kaleidoskopkulture.com\/sr\/dogadjaj\/projekcija-filma-dei-leci\/#primaryimage\",\"url\":\"https:\/\/kaleidoskopkulture.com\/wp-content\/uploads\/2021\/08\/kk2021_sn_template_otvaranje_obnova4.png\",\"contentUrl\":\"https:\/\/kaleidoskopkulture.com\/wp-content\/uploads\/2021\/08\/kk2021_sn_template_otvaranje_obnova4.png\",\"width\":1080,\"height\":1080},{\"@type\":\"BreadcrumbList\",\"@id\":\"https:\/\/kaleidoskopkulture.com\/sr\/dogadjaj\/projekcija-filma-dei-leci\/#breadcrumb\",\"itemListElement\":[{\"@type\":\"ListItem\",\"position\":1,\"name\":\"Home\",\"item\":\"https:\/\/kaleidoskopkulture.com\/sr\/\"},{\"@type\":\"ListItem\",\"position\":2,\"name\":\"Events\",\"item\":\"https:\/\/kaleidoskopkulture.com\/sr\/kalendar\/\"},{\"@type\":\"ListItem\",\"position\":3,\"name\":\"Projekcija filma \u201eDei Le\u010di\u201d\"}]},{\"@type\":\"WebSite\",\"@id\":\"https:\/\/kaleidoskopkulture.com\/sr\/#website\",\"url\":\"https:\/\/kaleidoskopkulture.com\/sr\/\",\"name\":\"Kaleidoskop kulture\",\"description\":\"Novo lice kulture u Novom Sadu\",\"publisher\":{\"@id\":\"https:\/\/kaleidoskopkulture.com\/sr\/#organization\"},\"potentialAction\":[{\"@type\":\"SearchAction\",\"target\":{\"@type\":\"EntryPoint\",\"urlTemplate\":\"https:\/\/kaleidoskopkulture.com\/sr\/?s={search_term_string}\"},\"query-input\":\"required name=search_term_string\"}],\"inLanguage\":\"sr-RS\"},{\"@type\":\"Organization\",\"@id\":\"https:\/\/kaleidoskopkulture.com\/sr\/#organization\",\"name\":\"Kaleidoskop kulture\",\"url\":\"https:\/\/kaleidoskopkulture.com\/sr\/\",\"logo\":{\"@type\":\"ImageObject\",\"inLanguage\":\"sr-RS\",\"@id\":\"https:\/\/kaleidoskopkulture.com\/sr\/#\/schema\/logo\/image\/\",\"url\":\"https:\/\/kaleidoskopkulture.com\/wp-content\/uploads\/2022\/08\/cropped-kk-logo-1-1.png\",\"contentUrl\":\"https:\/\/kaleidoskopkulture.com\/wp-content\/uploads\/2022\/08\/cropped-kk-logo-1-1.png\",\"width\":260,\"height\":90,\"caption\":\"Kaleidoskop kulture\"},\"image\":{\"@id\":\"https:\/\/kaleidoskopkulture.com\/sr\/#\/schema\/logo\/image\/\"}}]}<\/script>\n<!-- \/ Yoast SEO plugin. -->","yoast_head_json":{"title":"Projekcija filma \u201eDei Le\u010di\u201d - Kaleidoskop kulture","robots":{"index":"index","follow":"follow","max-snippet":"max-snippet:-1","max-image-preview":"max-image-preview:large","max-video-preview":"max-video-preview:-1"},"canonical":"https:\/\/kaleidoskopkulture.com\/sr\/dogadjaj\/projekcija-filma-dei-leci\/","og_locale":"sr_RS","og_type":"article","og_title":"Projekcija filma \u201eDei Le\u010di\u201d - Kaleidoskop kulture","og_description":"Premijera dokumentarnog filma \u201eDei le\u010di\u201d zakazana je za 5. septembar u 19 sati na Sceni Kolosek (Dvori\u0161te iza domova, kod ko\u0161arka\u0161kog terena), u Kreativnom distriktu. Film \u0107e biti prikazan u okviru\u00a0Filmskog festivala Obnova.","og_url":"https:\/\/kaleidoskopkulture.com\/sr\/dogadjaj\/projekcija-filma-dei-leci\/","og_site_name":"Kaleidoskop kulture","article_modified_time":"2021-09-01T10:41:12+00:00","og_image":[{"width":1080,"height":1080,"url":"https:\/\/kaleidoskopkulture.com\/wp-content\/uploads\/2021\/08\/kk2021_sn_template_otvaranje_obnova4.png","type":"image\/png"}],"twitter_card":"summary_large_image","twitter_misc":{"Procenjeno vreme \u010ditanja":"1 minut"},"schema":{"@context":"https:\/\/schema.org","@graph":[{"@type":"WebPage","@id":"https:\/\/kaleidoskopkulture.com\/sr\/dogadjaj\/projekcija-filma-dei-leci\/","url":"https:\/\/kaleidoskopkulture.com\/sr\/dogadjaj\/projekcija-filma-dei-leci\/","name":"Projekcija filma \u201eDei Le\u010di\u201d - Kaleidoskop kulture","isPartOf":{"@id":"https:\/\/kaleidoskopkulture.com\/sr\/#website"},"primaryImageOfPage":{"@id":"https:\/\/kaleidoskopkulture.com\/sr\/dogadjaj\/projekcija-filma-dei-leci\/#primaryimage"},"image":{"@id":"https:\/\/kaleidoskopkulture.com\/sr\/dogadjaj\/projekcija-filma-dei-leci\/#primaryimage"},"thumbnailUrl":"https:\/\/kaleidoskopkulture.com\/wp-content\/uploads\/2021\/08\/kk2021_sn_template_otvaranje_obnova4.png","datePublished":"2021-08-30T13:26:14+00:00","dateModified":"2021-09-01T10:41:12+00:00","breadcrumb":{"@id":"https:\/\/kaleidoskopkulture.com\/sr\/dogadjaj\/projekcija-filma-dei-leci\/#breadcrumb"},"inLanguage":"sr-RS","potentialAction":[{"@type":"ReadAction","target":["https:\/\/kaleidoskopkulture.com\/sr\/dogadjaj\/projekcija-filma-dei-leci\/"]}]},{"@type":"ImageObject","inLanguage":"sr-RS","@id":"https:\/\/kaleidoskopkulture.com\/sr\/dogadjaj\/projekcija-filma-dei-leci\/#primaryimage","url":"https:\/\/kaleidoskopkulture.com\/wp-content\/uploads\/2021\/08\/kk2021_sn_template_otvaranje_obnova4.png","contentUrl":"https:\/\/kaleidoskopkulture.com\/wp-content\/uploads\/2021\/08\/kk2021_sn_template_otvaranje_obnova4.png","width":1080,"height":1080},{"@type":"BreadcrumbList","@id":"https:\/\/kaleidoskopkulture.com\/sr\/dogadjaj\/projekcija-filma-dei-leci\/#breadcrumb","itemListElement":[{"@type":"ListItem","position":1,"name":"Home","item":"https:\/\/kaleidoskopkulture.com\/sr\/"},{"@type":"ListItem","position":2,"name":"Events","item":"https:\/\/kaleidoskopkulture.com\/sr\/kalendar\/"},{"@type":"ListItem","position":3,"name":"Projekcija filma \u201eDei Le\u010di\u201d"}]},{"@type":"WebSite","@id":"https:\/\/kaleidoskopkulture.com\/sr\/#website","url":"https:\/\/kaleidoskopkulture.com\/sr\/","name":"Kaleidoskop kulture","description":"Novo lice kulture u Novom Sadu","publisher":{"@id":"https:\/\/kaleidoskopkulture.com\/sr\/#organization"},"potentialAction":[{"@type":"SearchAction","target":{"@type":"EntryPoint","urlTemplate":"https:\/\/kaleidoskopkulture.com\/sr\/?s={search_term_string}"},"query-input":"required name=search_term_string"}],"inLanguage":"sr-RS"},{"@type":"Organization","@id":"https:\/\/kaleidoskopkulture.com\/sr\/#organization","name":"Kaleidoskop kulture","url":"https:\/\/kaleidoskopkulture.com\/sr\/","logo":{"@type":"ImageObject","inLanguage":"sr-RS","@id":"https:\/\/kaleidoskopkulture.com\/sr\/#\/schema\/logo\/image\/","url":"https:\/\/kaleidoskopkulture.com\/wp-content\/uploads\/2022\/08\/cropped-kk-logo-1-1.png","contentUrl":"https:\/\/kaleidoskopkulture.com\/wp-content\/uploads\/2022\/08\/cropped-kk-logo-1-1.png","width":260,"height":90,"caption":"Kaleidoskop kulture"},"image":{"@id":"https:\/\/kaleidoskopkulture.com\/sr\/#\/schema\/logo\/image\/"}}]}},"_links":{"self":[{"href":"https:\/\/kaleidoskopkulture.com\/sr\/wp-json\/wp\/v2\/tribe_events\/4204","targetHints":{"allow":["GET"]}}],"collection":[{"href":"https:\/\/kaleidoskopkulture.com\/sr\/wp-json\/wp\/v2\/tribe_events"}],"about":[{"href":"https:\/\/kaleidoskopkulture.com\/sr\/wp-json\/wp\/v2\/types\/tribe_events"}],"author":[{"embeddable":true,"href":"https:\/\/kaleidoskopkulture.com\/sr\/wp-json\/wp\/v2\/users\/7"}],"version-history":[{"count":1,"href":"https:\/\/kaleidoskopkulture.com\/sr\/wp-json\/wp\/v2\/tribe_events\/4204\/revisions"}],"predecessor-version":[{"id":4206,"href":"https:\/\/kaleidoskopkulture.com\/sr\/wp-json\/wp\/v2\/tribe_events\/4204\/revisions\/4206"}],"wp:featuredmedia":[{"embeddable":true,"href":"https:\/\/kaleidoskopkulture.com\/sr\/wp-json\/wp\/v2\/media\/4388"}],"wp:attachment":[{"href":"https:\/\/kaleidoskopkulture.com\/sr\/wp-json\/wp\/v2\/media?parent=4204"}],"wp:term":[{"taxonomy":"post_tag","embeddable":true,"href":"https:\/\/kaleidoskopkulture.com\/sr\/wp-json\/wp\/v2\/tags?post=4204"},{"taxonomy":"tribe_events_cat","embeddable":true,"href":"https:\/\/kaleidoskopkulture.com\/sr\/wp-json\/wp\/v2\/tribe_events_cat?post=4204"}],"curies":[{"name":"wp","href":"https:\/\/api.w.org\/{rel}","templated":true}]}}

Projekcija filma „Dei Leči”

<p>Premijera dokumentarnog filma „Dei leči” zakazana je za 5. septembar u 19 sati na Sceni Kolosek (Dvorište iza domova, kod košarkaškog terena), u Kreativnom distriktu. Film će biti prikazan u okviru <a href="https://kaleidoskopkulture.com/sr/filmski-festival-obnova-od-2-do-5-septembra-na-kaleidoskopu-kulture/" target="_blank" rel="noopener noreferrer">Filmskog festivala Obnova</a>.<!--more--></p>
<p>Pre pedeset godina u Novom Sadu, tada gimnazijalci, Dragoljub Pavlov i Bora Vitorac izvodili su performanse i hepeninge, a da za takvu umetničku praksu nisu ni znali. Oni su se ponašali spontano, neposredno, uz geslo Dei leči! (Ide čile! &#8211; stariji čovek &#8211; čilager) nakon čega bi sledila pantomima, zauzimanje „poze&#8220;. Vitorac i Pavlov su neke od svojih performansa i umetničkih akcija zabeležili na 8 mm traci koje će gledaoci moći da vide u dokumentarnom filmu.</p>
<p>Kompletan program i satnicu četvorodnevnog otvaranja možete pogledati <a href="https://kaleidoskopkulture.com/sr/otvaranje-2021-program/" target="_blank" rel="noopener noreferrer">ovde</a>.</p>

<p>Premijera dokumentarnog filma „Dei leči” zakazana je za 5. septembar u 19 sati na Sceni Kolosek (Dvorište iza domova, kod košarkaškog terena), u Kreativnom distriktu. Film će biti prikazan u okviru Filmskog festivala Obnova.</p>

<!-- This site is optimized with the Yoast SEO plugin v22.4 - https://yoast.com/wordpress/plugins/seo/ -->
<title>Projekcija filma „Dei Leči” - Kaleidoskop kulture</title>
<meta name="robots" content="index, follow, max-snippet:-1, max-image-preview:large, max-video-preview:-1" />
<link rel="canonical" href="https://kaleidoskopkulture.com/sr/dogadjaj/projekcija-filma-dei-leci/" />
<meta property="og:locale" content="sr_RS" />
<meta property="og:type" content="article" />
<meta property="og:title" content="Projekcija filma „Dei Leči” - Kaleidoskop kulture" />
<meta property="og:description" content="Premijera dokumentarnog filma „Dei leči” zakazana je za 5. septembar u 19 sati na Sceni Kolosek (Dvorište iza domova, kod košarkaškog terena), u Kreativnom distriktu. Film će biti prikazan u okviru Filmskog festivala Obnova." />
<meta property="og:url" content="https://kaleidoskopkulture.com/sr/dogadjaj/projekcija-filma-dei-leci/" />
<meta property="og:site_name" content="Kaleidoskop kulture" />
<meta property="article:modified_time" content="2021-09-01T10:41:12+00:00" />
<meta property="og:image" content="https://kaleidoskopkulture.com/wp-content/uploads/2021/08/kk2021_sn_template_otvaranje_obnova4.png" />
	<meta property="og:image:width" content="1080" />
	<meta property="og:image:height" content="1080" />
	<meta property="og:image:type" content="image/png" />
<meta name="twitter:card" content="summary_large_image" />
<meta name="twitter:label1" content="Procenjeno vreme čitanja" />
	<meta name="twitter:data1" content="1 minut" />
<script type="application/ld+json" class="yoast-schema-graph">{"@context":"https://schema.org","@graph":[{"@type":"WebPage","@id":"https://kaleidoskopkulture.com/sr/dogadjaj/projekcija-filma-dei-leci/","url":"https://kaleidoskopkulture.com/sr/dogadjaj/projekcija-filma-dei-leci/","name":"Projekcija filma „Dei Leči” - Kaleidoskop kulture","isPartOf":{"@id":"https://kaleidoskopkulture.com/sr/#website"},"primaryImageOfPage":{"@id":"https://kaleidoskopkulture.com/sr/dogadjaj/projekcija-filma-dei-leci/#primaryimage"},"image":{"@id":"https://kaleidoskopkulture.com/sr/dogadjaj/projekcija-filma-dei-leci/#primaryimage"},"thumbnailUrl":"https://kaleidoskopkulture.com/wp-content/uploads/2021/08/kk2021_sn_template_otvaranje_obnova4.png","datePublished":"2021-08-30T13:26:14+00:00","dateModified":"2021-09-01T10:41:12+00:00","breadcrumb":{"@id":"https://kaleidoskopkulture.com/sr/dogadjaj/projekcija-filma-dei-leci/#breadcrumb"},"inLanguage":"sr-RS","potentialAction":[{"@type":"ReadAction","target":["https://kaleidoskopkulture.com/sr/dogadjaj/projekcija-filma-dei-leci/"]}]},{"@type":"ImageObject","inLanguage":"sr-RS","@id":"https://kaleidoskopkulture.com/sr/dogadjaj/projekcija-filma-dei-leci/#primaryimage","url":"https://kaleidoskopkulture.com/wp-content/uploads/2021/08/kk2021_sn_template_otvaranje_obnova4.png","contentUrl":"https://kaleidoskopkulture.com/wp-content/uploads/2021/08/kk2021_sn_template_otvaranje_obnova4.png","width":1080,"height":1080},{"@type":"BreadcrumbList","@id":"https://kaleidoskopkulture.com/sr/dogadjaj/projekcija-filma-dei-leci/#breadcrumb","itemListElement":[{"@type":"ListItem","position":1,"name":"Home","item":"https://kaleidoskopkulture.com/sr/"},{"@type":"ListItem","position":2,"name":"Events","item":"https://kaleidoskopkulture.com/sr/kalendar/"},{"@type":"ListItem","position":3,"name":"Projekcija filma „Dei Leči”"}]},{"@type":"WebSite","@id":"https://kaleidoskopkulture.com/sr/#website","url":"https://kaleidoskopkulture.com/sr/","name":"Kaleidoskop kulture","description":"Novo lice kulture u Novom Sadu","publisher":{"@id":"https://kaleidoskopkulture.com/sr/#organization"},"potentialAction":[{"@type":"SearchAction","target":{"@type":"EntryPoint","urlTemplate":"https://kaleidoskopkulture.com/sr/?s={search_term_string}"},"query-input":"required name=search_term_string"}],"inLanguage":"sr-RS"},{"@type":"Organization","@id":"https://kaleidoskopkulture.com/sr/#organization","name":"Kaleidoskop kulture","url":"https://kaleidoskopkulture.com/sr/","logo":{"@type":"ImageObject","inLanguage":"sr-RS","@id":"https://kaleidoskopkulture.com/sr/#/schema/logo/image/","url":"https://kaleidoskopkulture.com/wp-content/uploads/2022/08/cropped-kk-logo-1-1.png","contentUrl":"https://kaleidoskopkulture.com/wp-content/uploads/2022/08/cropped-kk-logo-1-1.png","width":260,"height":90,"caption":"Kaleidoskop kulture"},"image":{"@id":"https://kaleidoskopkulture.com/sr/#/schema/logo/image/"}}]}</script>
<!-- / Yoast SEO plugin. -->

Projekcija filma „Dei Leči” - Kaleidoskop kulture

Premijera dokumentarnog filma „Dei leči” zakazana je za 5. septembar u 19 sati na Sceni Kolosek (Dvorište iza domova, kod košarkaškog terena), u Kreativnom distriktu. Film će biti prikazan u okviru Filmskog festivala Obnova.
