{"id":1350,"date":"2020-09-02T13:03:50","date_gmt":"2020-09-02T11:03:50","guid":{"rendered":"https:\/\/kaleidoskopkulture.com\/?post_type=tribe_events&#038;p=1350"},"modified":"2020-09-17T15:40:11","modified_gmt":"2020-09-17T13:40:11","slug":"zasto-je-dragan-napravio-orkestar","status":"publish","type":"tribe_events","link":"https:\/\/kaleidoskopkulture.com\/sr\/dogadjaj\/zasto-je-dragan-napravio-orkestar\/","title":{"rendered":"Projekcija filma \u201eZa\u0161to je Dragan napravio orkestar?\u201c \/ Filmski festival Obnova"},"content":{"rendered":"<p><strong>Dragan Petrovi\u0107<\/strong> je nekada trgovao konjima, a onda je na va\u0161aru zamenio konja za tamburu. Nikada nije nau\u010dio note, ali je svoja tri maloletna sina nau\u010dio da sviraju na sluh i napravio sa njima orkestar ne samo da bi zaradio za \u017eivot nego pre svega da bi porodicu dr\u017eao na okupu.<\/p>\n<hr \/>\n<p>Samouki romski muzu\u010dar iz malog sela Be\u0161ka u Sremu, Dragan Petrovi\u0107, sa svoja tri maloletna sina napravio je orkestar ne samo da bi zara\u0111ivao za \u017eivot, nego pre svega da bi porodicu dr\u017eao na okupu. Na putu do snova, od sviranja na sluh do nota, ovaj neobi\u010dni ansambl mora\u0107e da savlada mnoge prepreke koje im je \u017eivot namenio, a najstariji sin, Radovan, pred sobom ima najte\u017ei zadatak &#8211; da napusti selo, upi\u0161e muzi\u010dku \u0161kolu u velikom gradu i svoje znanje prenese mla\u0111oj bra\u0107i kako bi sva trojica izrasla u profesionalne muzi\u010dare.<\/p>\n","protected":false},"excerpt":{"rendered":"<p>Dragan Petrovi\u0107 je nekada trgovao konjima, a onda je na va\u0161aru zamenio konja za tamburu. Nikada nije nau\u010dio note, ali je svoja tri maloletna sina nau\u010dio da sviraju na sluh i napravio sa njima orkestar ne samo da bi zaradio&#8230;<\/p>\n","protected":false},"author":7,"featured_media":1351,"template":"","meta":{"_tribe_events_status":"","_tribe_events_status_reason":"","footnotes":""},"tags":[197],"tribe_events_cat":[],"class_list":["post-1350","tribe_events","type-tribe_events","status-publish","has-post-thumbnail","hentry","tag-zasto-je-dragan-napravio-orkestar"],"yoast_head":"<!-- This site is optimized with the Yoast SEO plugin v22.4 - https:\/\/yoast.com\/wordpress\/plugins\/seo\/ -->\n<title>Projekcija filma \u201eZa\u0161to je Dragan napravio orkestar?\u201c \/ Filmski festival Obnova - Kaleidoskop kulture<\/title>\n<meta name=\"robots\" content=\"index, follow, max-snippet:-1, max-image-preview:large, max-video-preview:-1\" \/>\n<link rel=\"canonical\" href=\"https:\/\/kaleidoskopkulture.com\/sr\/dogadjaj\/zasto-je-dragan-napravio-orkestar\/\" \/>\n<meta property=\"og:locale\" content=\"sr_RS\" \/>\n<meta property=\"og:type\" content=\"article\" \/>\n<meta property=\"og:title\" content=\"Projekcija filma \u201eZa\u0161to je Dragan napravio orkestar?\u201c \/ Filmski festival Obnova - Kaleidoskop kulture\" \/>\n<meta property=\"og:description\" content=\"Dragan Petrovi\u0107 je nekada trgovao konjima, a onda je na va\u0161aru zamenio konja za tamburu. Nikada nije nau\u010dio note, ali je svoja tri maloletna sina nau\u010dio da sviraju na sluh i napravio sa njima orkestar ne samo da bi zaradio...\" \/>\n<meta property=\"og:url\" content=\"https:\/\/kaleidoskopkulture.com\/sr\/dogadjaj\/zasto-je-dragan-napravio-orkestar\/\" \/>\n<meta property=\"og:site_name\" content=\"Kaleidoskop kulture\" \/>\n<meta property=\"article:modified_time\" content=\"2020-09-17T13:40:11+00:00\" \/>\n<meta property=\"og:image\" content=\"https:\/\/kaleidoskopkulture.com\/wp-content\/uploads\/2020\/09\/zasto-je-dragan-napravio-orkestar.jpg\" \/>\n\t<meta property=\"og:image:width\" content=\"1462\" \/>\n\t<meta property=\"og:image:height\" content=\"2048\" \/>\n\t<meta property=\"og:image:type\" content=\"image\/jpeg\" \/>\n<meta name=\"twitter:card\" content=\"summary_large_image\" \/>\n<meta name=\"twitter:label1\" content=\"Procenjeno vreme \u010ditanja\" \/>\n\t<meta name=\"twitter:data1\" content=\"1 minut\" \/>\n<script type=\"application\/ld+json\" class=\"yoast-schema-graph\">{\"@context\":\"https:\/\/schema.org\",\"@graph\":[{\"@type\":\"WebPage\",\"@id\":\"https:\/\/kaleidoskopkulture.com\/sr\/dogadjaj\/zasto-je-dragan-napravio-orkestar\/\",\"url\":\"https:\/\/kaleidoskopkulture.com\/sr\/dogadjaj\/zasto-je-dragan-napravio-orkestar\/\",\"name\":\"Projekcija filma \u201eZa\u0161to je Dragan napravio orkestar?\u201c \/ Filmski festival Obnova - Kaleidoskop kulture\",\"isPartOf\":{\"@id\":\"https:\/\/kaleidoskopkulture.com\/sr\/#website\"},\"primaryImageOfPage\":{\"@id\":\"https:\/\/kaleidoskopkulture.com\/sr\/dogadjaj\/zasto-je-dragan-napravio-orkestar\/#primaryimage\"},\"image\":{\"@id\":\"https:\/\/kaleidoskopkulture.com\/sr\/dogadjaj\/zasto-je-dragan-napravio-orkestar\/#primaryimage\"},\"thumbnailUrl\":\"https:\/\/kaleidoskopkulture.com\/wp-content\/uploads\/2020\/09\/zasto-je-dragan-napravio-orkestar.jpg\",\"datePublished\":\"2020-09-02T11:03:50+00:00\",\"dateModified\":\"2020-09-17T13:40:11+00:00\",\"breadcrumb\":{\"@id\":\"https:\/\/kaleidoskopkulture.com\/sr\/dogadjaj\/zasto-je-dragan-napravio-orkestar\/#breadcrumb\"},\"inLanguage\":\"sr-RS\",\"potentialAction\":[{\"@type\":\"ReadAction\",\"target\":[\"https:\/\/kaleidoskopkulture.com\/sr\/dogadjaj\/zasto-je-dragan-napravio-orkestar\/\"]}]},{\"@type\":\"ImageObject\",\"inLanguage\":\"sr-RS\",\"@id\":\"https:\/\/kaleidoskopkulture.com\/sr\/dogadjaj\/zasto-je-dragan-napravio-orkestar\/#primaryimage\",\"url\":\"https:\/\/kaleidoskopkulture.com\/wp-content\/uploads\/2020\/09\/zasto-je-dragan-napravio-orkestar.jpg\",\"contentUrl\":\"https:\/\/kaleidoskopkulture.com\/wp-content\/uploads\/2020\/09\/zasto-je-dragan-napravio-orkestar.jpg\",\"width\":1462,\"height\":2048},{\"@type\":\"BreadcrumbList\",\"@id\":\"https:\/\/kaleidoskopkulture.com\/sr\/dogadjaj\/zasto-je-dragan-napravio-orkestar\/#breadcrumb\",\"itemListElement\":[{\"@type\":\"ListItem\",\"position\":1,\"name\":\"Home\",\"item\":\"https:\/\/kaleidoskopkulture.com\/sr\/\"},{\"@type\":\"ListItem\",\"position\":2,\"name\":\"Events\",\"item\":\"https:\/\/kaleidoskopkulture.com\/sr\/kalendar\/\"},{\"@type\":\"ListItem\",\"position\":3,\"name\":\"Projekcija filma \u201eZa\u0161to je Dragan napravio orkestar?\u201c \/ Filmski festival Obnova\"}]},{\"@type\":\"WebSite\",\"@id\":\"https:\/\/kaleidoskopkulture.com\/sr\/#website\",\"url\":\"https:\/\/kaleidoskopkulture.com\/sr\/\",\"name\":\"Kaleidoskop kulture\",\"description\":\"Novo lice kulture u Novom Sadu\",\"publisher\":{\"@id\":\"https:\/\/kaleidoskopkulture.com\/sr\/#organization\"},\"potentialAction\":[{\"@type\":\"SearchAction\",\"target\":{\"@type\":\"EntryPoint\",\"urlTemplate\":\"https:\/\/kaleidoskopkulture.com\/sr\/?s={search_term_string}\"},\"query-input\":\"required name=search_term_string\"}],\"inLanguage\":\"sr-RS\"},{\"@type\":\"Organization\",\"@id\":\"https:\/\/kaleidoskopkulture.com\/sr\/#organization\",\"name\":\"Kaleidoskop kulture\",\"url\":\"https:\/\/kaleidoskopkulture.com\/sr\/\",\"logo\":{\"@type\":\"ImageObject\",\"inLanguage\":\"sr-RS\",\"@id\":\"https:\/\/kaleidoskopkulture.com\/sr\/#\/schema\/logo\/image\/\",\"url\":\"https:\/\/kaleidoskopkulture.com\/wp-content\/uploads\/2022\/08\/cropped-kk-logo-1-1.png\",\"contentUrl\":\"https:\/\/kaleidoskopkulture.com\/wp-content\/uploads\/2022\/08\/cropped-kk-logo-1-1.png\",\"width\":260,\"height\":90,\"caption\":\"Kaleidoskop kulture\"},\"image\":{\"@id\":\"https:\/\/kaleidoskopkulture.com\/sr\/#\/schema\/logo\/image\/\"}}]}<\/script>\n<!-- \/ Yoast SEO plugin. -->","yoast_head_json":{"title":"Projekcija filma \u201eZa\u0161to je Dragan napravio orkestar?\u201c \/ Filmski festival Obnova - Kaleidoskop kulture","robots":{"index":"index","follow":"follow","max-snippet":"max-snippet:-1","max-image-preview":"max-image-preview:large","max-video-preview":"max-video-preview:-1"},"canonical":"https:\/\/kaleidoskopkulture.com\/sr\/dogadjaj\/zasto-je-dragan-napravio-orkestar\/","og_locale":"sr_RS","og_type":"article","og_title":"Projekcija filma \u201eZa\u0161to je Dragan napravio orkestar?\u201c \/ Filmski festival Obnova - Kaleidoskop kulture","og_description":"Dragan Petrovi\u0107 je nekada trgovao konjima, a onda je na va\u0161aru zamenio konja za tamburu. Nikada nije nau\u010dio note, ali je svoja tri maloletna sina nau\u010dio da sviraju na sluh i napravio sa njima orkestar ne samo da bi zaradio...","og_url":"https:\/\/kaleidoskopkulture.com\/sr\/dogadjaj\/zasto-je-dragan-napravio-orkestar\/","og_site_name":"Kaleidoskop kulture","article_modified_time":"2020-09-17T13:40:11+00:00","og_image":[{"width":1462,"height":2048,"url":"https:\/\/kaleidoskopkulture.com\/wp-content\/uploads\/2020\/09\/zasto-je-dragan-napravio-orkestar.jpg","type":"image\/jpeg"}],"twitter_card":"summary_large_image","twitter_misc":{"Procenjeno vreme \u010ditanja":"1 minut"},"schema":{"@context":"https:\/\/schema.org","@graph":[{"@type":"WebPage","@id":"https:\/\/kaleidoskopkulture.com\/sr\/dogadjaj\/zasto-je-dragan-napravio-orkestar\/","url":"https:\/\/kaleidoskopkulture.com\/sr\/dogadjaj\/zasto-je-dragan-napravio-orkestar\/","name":"Projekcija filma \u201eZa\u0161to je Dragan napravio orkestar?\u201c \/ Filmski festival Obnova - Kaleidoskop kulture","isPartOf":{"@id":"https:\/\/kaleidoskopkulture.com\/sr\/#website"},"primaryImageOfPage":{"@id":"https:\/\/kaleidoskopkulture.com\/sr\/dogadjaj\/zasto-je-dragan-napravio-orkestar\/#primaryimage"},"image":{"@id":"https:\/\/kaleidoskopkulture.com\/sr\/dogadjaj\/zasto-je-dragan-napravio-orkestar\/#primaryimage"},"thumbnailUrl":"https:\/\/kaleidoskopkulture.com\/wp-content\/uploads\/2020\/09\/zasto-je-dragan-napravio-orkestar.jpg","datePublished":"2020-09-02T11:03:50+00:00","dateModified":"2020-09-17T13:40:11+00:00","breadcrumb":{"@id":"https:\/\/kaleidoskopkulture.com\/sr\/dogadjaj\/zasto-je-dragan-napravio-orkestar\/#breadcrumb"},"inLanguage":"sr-RS","potentialAction":[{"@type":"ReadAction","target":["https:\/\/kaleidoskopkulture.com\/sr\/dogadjaj\/zasto-je-dragan-napravio-orkestar\/"]}]},{"@type":"ImageObject","inLanguage":"sr-RS","@id":"https:\/\/kaleidoskopkulture.com\/sr\/dogadjaj\/zasto-je-dragan-napravio-orkestar\/#primaryimage","url":"https:\/\/kaleidoskopkulture.com\/wp-content\/uploads\/2020\/09\/zasto-je-dragan-napravio-orkestar.jpg","contentUrl":"https:\/\/kaleidoskopkulture.com\/wp-content\/uploads\/2020\/09\/zasto-je-dragan-napravio-orkestar.jpg","width":1462,"height":2048},{"@type":"BreadcrumbList","@id":"https:\/\/kaleidoskopkulture.com\/sr\/dogadjaj\/zasto-je-dragan-napravio-orkestar\/#breadcrumb","itemListElement":[{"@type":"ListItem","position":1,"name":"Home","item":"https:\/\/kaleidoskopkulture.com\/sr\/"},{"@type":"ListItem","position":2,"name":"Events","item":"https:\/\/kaleidoskopkulture.com\/sr\/kalendar\/"},{"@type":"ListItem","position":3,"name":"Projekcija filma \u201eZa\u0161to je Dragan napravio orkestar?\u201c \/ Filmski festival Obnova"}]},{"@type":"WebSite","@id":"https:\/\/kaleidoskopkulture.com\/sr\/#website","url":"https:\/\/kaleidoskopkulture.com\/sr\/","name":"Kaleidoskop kulture","description":"Novo lice kulture u Novom Sadu","publisher":{"@id":"https:\/\/kaleidoskopkulture.com\/sr\/#organization"},"potentialAction":[{"@type":"SearchAction","target":{"@type":"EntryPoint","urlTemplate":"https:\/\/kaleidoskopkulture.com\/sr\/?s={search_term_string}"},"query-input":"required name=search_term_string"}],"inLanguage":"sr-RS"},{"@type":"Organization","@id":"https:\/\/kaleidoskopkulture.com\/sr\/#organization","name":"Kaleidoskop kulture","url":"https:\/\/kaleidoskopkulture.com\/sr\/","logo":{"@type":"ImageObject","inLanguage":"sr-RS","@id":"https:\/\/kaleidoskopkulture.com\/sr\/#\/schema\/logo\/image\/","url":"https:\/\/kaleidoskopkulture.com\/wp-content\/uploads\/2022\/08\/cropped-kk-logo-1-1.png","contentUrl":"https:\/\/kaleidoskopkulture.com\/wp-content\/uploads\/2022\/08\/cropped-kk-logo-1-1.png","width":260,"height":90,"caption":"Kaleidoskop kulture"},"image":{"@id":"https:\/\/kaleidoskopkulture.com\/sr\/#\/schema\/logo\/image\/"}}]}},"_links":{"self":[{"href":"https:\/\/kaleidoskopkulture.com\/sr\/wp-json\/wp\/v2\/tribe_events\/1350","targetHints":{"allow":["GET"]}}],"collection":[{"href":"https:\/\/kaleidoskopkulture.com\/sr\/wp-json\/wp\/v2\/tribe_events"}],"about":[{"href":"https:\/\/kaleidoskopkulture.com\/sr\/wp-json\/wp\/v2\/types\/tribe_events"}],"author":[{"embeddable":true,"href":"https:\/\/kaleidoskopkulture.com\/sr\/wp-json\/wp\/v2\/users\/7"}],"version-history":[{"count":3,"href":"https:\/\/kaleidoskopkulture.com\/sr\/wp-json\/wp\/v2\/tribe_events\/1350\/revisions"}],"predecessor-version":[{"id":2433,"href":"https:\/\/kaleidoskopkulture.com\/sr\/wp-json\/wp\/v2\/tribe_events\/1350\/revisions\/2433"}],"wp:featuredmedia":[{"embeddable":true,"href":"https:\/\/kaleidoskopkulture.com\/sr\/wp-json\/wp\/v2\/media\/1351"}],"wp:attachment":[{"href":"https:\/\/kaleidoskopkulture.com\/sr\/wp-json\/wp\/v2\/media?parent=1350"}],"wp:term":[{"taxonomy":"post_tag","embeddable":true,"href":"https:\/\/kaleidoskopkulture.com\/sr\/wp-json\/wp\/v2\/tags?post=1350"},{"taxonomy":"tribe_events_cat","embeddable":true,"href":"https:\/\/kaleidoskopkulture.com\/sr\/wp-json\/wp\/v2\/tribe_events_cat?post=1350"}],"curies":[{"name":"wp","href":"https:\/\/api.w.org\/{rel}","templated":true}]}}

Projekcija filma „Zašto je Dragan napravio orkestar?“ / Filmski festival Obnova

<p><strong>Dragan Petrović</strong> je nekada trgovao konjima, a onda je na vašaru zamenio konja za tamburu. Nikada nije naučio note, ali je svoja tri maloletna sina naučio da sviraju na sluh i napravio sa njima orkestar ne samo da bi zaradio za život nego pre svega da bi porodicu držao na okupu.</p>
<hr />
<p>Samouki romski muzučar iz malog sela Beška u Sremu, Dragan Petrović, sa svoja tri maloletna sina napravio je orkestar ne samo da bi zarađivao za život, nego pre svega da bi porodicu držao na okupu. Na putu do snova, od sviranja na sluh do nota, ovaj neobični ansambl moraće da savlada mnoge prepreke koje im je život namenio, a najstariji sin, Radovan, pred sobom ima najteži zadatak &#8211; da napusti selo, upiše muzičku školu u velikom gradu i svoje znanje prenese mlađoj braći kako bi sva trojica izrasla u profesionalne muzičare.</p>

<p>Dragan Petrović je nekada trgovao konjima, a onda je na vašaru zamenio konja za tamburu. Nikada nije naučio note, ali je svoja tri maloletna sina naučio da sviraju na sluh i napravio sa njima orkestar ne samo da bi zaradio&#8230;</p>

<!-- This site is optimized with the Yoast SEO plugin v22.4 - https://yoast.com/wordpress/plugins/seo/ -->
<title>Projekcija filma „Zašto je Dragan napravio orkestar?“ / Filmski festival Obnova - Kaleidoskop kulture</title>
<meta name="robots" content="index, follow, max-snippet:-1, max-image-preview:large, max-video-preview:-1" />
<link rel="canonical" href="https://kaleidoskopkulture.com/sr/dogadjaj/zasto-je-dragan-napravio-orkestar/" />
<meta property="og:locale" content="sr_RS" />
<meta property="og:type" content="article" />
<meta property="og:title" content="Projekcija filma „Zašto je Dragan napravio orkestar?“ / Filmski festival Obnova - Kaleidoskop kulture" />
<meta property="og:description" content="Dragan Petrović je nekada trgovao konjima, a onda je na vašaru zamenio konja za tamburu. Nikada nije naučio note, ali je svoja tri maloletna sina naučio da sviraju na sluh i napravio sa njima orkestar ne samo da bi zaradio..." />
<meta property="og:url" content="https://kaleidoskopkulture.com/sr/dogadjaj/zasto-je-dragan-napravio-orkestar/" />
<meta property="og:site_name" content="Kaleidoskop kulture" />
<meta property="article:modified_time" content="2020-09-17T13:40:11+00:00" />
<meta property="og:image" content="https://kaleidoskopkulture.com/wp-content/uploads/2020/09/zasto-je-dragan-napravio-orkestar.jpg" />
	<meta property="og:image:width" content="1462" />
	<meta property="og:image:height" content="2048" />
	<meta property="og:image:type" content="image/jpeg" />
<meta name="twitter:card" content="summary_large_image" />
<meta name="twitter:label1" content="Procenjeno vreme čitanja" />
	<meta name="twitter:data1" content="1 minut" />
<script type="application/ld+json" class="yoast-schema-graph">{"@context":"https://schema.org","@graph":[{"@type":"WebPage","@id":"https://kaleidoskopkulture.com/sr/dogadjaj/zasto-je-dragan-napravio-orkestar/","url":"https://kaleidoskopkulture.com/sr/dogadjaj/zasto-je-dragan-napravio-orkestar/","name":"Projekcija filma „Zašto je Dragan napravio orkestar?“ / Filmski festival Obnova - Kaleidoskop kulture","isPartOf":{"@id":"https://kaleidoskopkulture.com/sr/#website"},"primaryImageOfPage":{"@id":"https://kaleidoskopkulture.com/sr/dogadjaj/zasto-je-dragan-napravio-orkestar/#primaryimage"},"image":{"@id":"https://kaleidoskopkulture.com/sr/dogadjaj/zasto-je-dragan-napravio-orkestar/#primaryimage"},"thumbnailUrl":"https://kaleidoskopkulture.com/wp-content/uploads/2020/09/zasto-je-dragan-napravio-orkestar.jpg","datePublished":"2020-09-02T11:03:50+00:00","dateModified":"2020-09-17T13:40:11+00:00","breadcrumb":{"@id":"https://kaleidoskopkulture.com/sr/dogadjaj/zasto-je-dragan-napravio-orkestar/#breadcrumb"},"inLanguage":"sr-RS","potentialAction":[{"@type":"ReadAction","target":["https://kaleidoskopkulture.com/sr/dogadjaj/zasto-je-dragan-napravio-orkestar/"]}]},{"@type":"ImageObject","inLanguage":"sr-RS","@id":"https://kaleidoskopkulture.com/sr/dogadjaj/zasto-je-dragan-napravio-orkestar/#primaryimage","url":"https://kaleidoskopkulture.com/wp-content/uploads/2020/09/zasto-je-dragan-napravio-orkestar.jpg","contentUrl":"https://kaleidoskopkulture.com/wp-content/uploads/2020/09/zasto-je-dragan-napravio-orkestar.jpg","width":1462,"height":2048},{"@type":"BreadcrumbList","@id":"https://kaleidoskopkulture.com/sr/dogadjaj/zasto-je-dragan-napravio-orkestar/#breadcrumb","itemListElement":[{"@type":"ListItem","position":1,"name":"Home","item":"https://kaleidoskopkulture.com/sr/"},{"@type":"ListItem","position":2,"name":"Events","item":"https://kaleidoskopkulture.com/sr/kalendar/"},{"@type":"ListItem","position":3,"name":"Projekcija filma „Zašto je Dragan napravio orkestar?“ / Filmski festival Obnova"}]},{"@type":"WebSite","@id":"https://kaleidoskopkulture.com/sr/#website","url":"https://kaleidoskopkulture.com/sr/","name":"Kaleidoskop kulture","description":"Novo lice kulture u Novom Sadu","publisher":{"@id":"https://kaleidoskopkulture.com/sr/#organization"},"potentialAction":[{"@type":"SearchAction","target":{"@type":"EntryPoint","urlTemplate":"https://kaleidoskopkulture.com/sr/?s={search_term_string}"},"query-input":"required name=search_term_string"}],"inLanguage":"sr-RS"},{"@type":"Organization","@id":"https://kaleidoskopkulture.com/sr/#organization","name":"Kaleidoskop kulture","url":"https://kaleidoskopkulture.com/sr/","logo":{"@type":"ImageObject","inLanguage":"sr-RS","@id":"https://kaleidoskopkulture.com/sr/#/schema/logo/image/","url":"https://kaleidoskopkulture.com/wp-content/uploads/2022/08/cropped-kk-logo-1-1.png","contentUrl":"https://kaleidoskopkulture.com/wp-content/uploads/2022/08/cropped-kk-logo-1-1.png","width":260,"height":90,"caption":"Kaleidoskop kulture"},"image":{"@id":"https://kaleidoskopkulture.com/sr/#/schema/logo/image/"}}]}</script>
<!-- / Yoast SEO plugin. -->

Projekcija filma „Zašto je Dragan napravio orkestar?“ / Filmski festival Obnova - Kaleidoskop kulture

Dragan Petrović je nekada trgovao konjima, a onda je na vašaru zamenio konja za tamburu. Nikada nije naučio note, ali je svoja tri maloletna sina naučio da sviraju na sluh i napravio sa njima orkestar ne samo da bi zaradio...
